e tens digit of h?
8
Suppose -5*n + 4*n = -984. What is the units digit of (n/(-18))/(4/(-6))?
2
Let y(i) = 511*i - 4. Let s be y(1). Let q = s + -327. What is the hundreds digit of q?
1
Suppose -5213 = -9*f + 3103. Suppose 2*q - f = -4*q. What is the tens digit of q?
5
Let i(s) = 6*s**3 + 14*s**2 - 36*s + 7. What is the tens digit of i(5)?
2
Suppose -3767 = 5*i - 8*i + 4*y, 0 = -3*i + 3*y + 3762. What is the hundreds digit of i?
2
Let r = -97 + 183. Suppose -4*m - r - 200 = -5*q, 3*q - 154 = -2*m. Suppose a = -a + q. What is the units digit of a?
7
Suppose -k + 2*k = 3. Suppose -k*w + 34 + 42 = c, 4*w - 12 = 0. What is the units digit of c?
7
Suppose 5*h = 4*i + 110, -i = 4*h - 4*i - 87. Let f be 1916/24 + 3/h. Suppose 6*u = 2*u + f. What is the tens digit of u?
2
Let r = -690 - -402. Let t = -167 - r. What is the tens digit of t?
2
Let f be (12/(-15))/((-4)/30). Let o = f + -1. Suppose -2*n - o = -57. What is the units digit of n?
6
Let y(a) = a**2 - 7*a - 9. Let i be y(4). Let x = 127 + i. What is the tens digit of x?
0
Suppose -4*f - 5*h + 18 = -3*f, -3*f - 3*h + 114 = 0. What is the units digit of f?
3
Suppose 0 = 5*f + 5*o - 20, 3*o = 3*f - 5*f + 8. Suppose f = -2*d + 2. What is the units digit of 93/(3 + -6)*d?
1
Let o(k) = -16*k**3 - 3*k**2 - 4*k - 3. Let b(c) = 8*c**3 + c**2 + 2*c + 2. Let g(j) = 5*b(j) + 3*o(j). What is the tens digit of g(-3)?
8
Let q = 110 + -110. What is the tens digit of 66 + (-6 - -4) + q?
6
Let s = -3 - -7. Suppose 3*x = p + 75, 4*x - 3*x - s*p = 25. What is the units digit of x?
5
What is the hundreds digit of (-11832)/(-32) + 35/28?
3
Let g(p) be the third derivative of 11*p**4/12 - p**3/2 + 5*p**2. Let f be g(2). Suppose -11 = -2*a + 2*h + 3, 5*a - f = 3*h. What is the tens digit of a?
1
Suppose 0 = 6*l - 2*l - 8348. What is the thousands digit of l?
2
Let l(m) = 4*m**2 + 125*m - 151. What is the hundreds digit of l(-37)?
7
Let i be (2/(-5))/((-6)/630). Let u be 98/i + 2/3. Let x(c) = 2*c**3 - 3*c**2 - 5*c + 3. What is the units digit of x(u)?
5
Suppose -o - 1034 = -4*p - 6*o, 520 = 2*p + o. What is the hundreds digit of p?
2
Let h(i) = i**2 - 6*i + 11. Let u be h(8). Let j be (1/1)/((-1)/u). Let l = j - -40. What is the units digit of l?
3
Let s = -251 + 156. Let k = 239 + s. What is the units digit of k?
4
What is the units digit of (6 - 32/5)/((-1)/1205)?
2
Suppose -4*v + d + 332 = -1244, 5*v - 1957 = -2*d. Let y = v - 165. Suppose 80 = s + 3*x, 3*s - x = 2*x + y. What is the units digit of s?
7
Let w(a) = 2*a**2 + 4*a + 4. Let n be w(-2). Suppose 21 = n*k - 191. Let g = k + -11. What is the tens digit of g?
4
Let c = -46 + 24. Let b = c - -43. Suppose b = 3*h - 3. What is the units digit of h?
8
Suppose r - 28 = 2*g, -4*r + 7*g + 100 = 2*g. Let p = r + -44. Let b = -9 - p. What is the tens digit of b?
1
Let l(k) = 66*k**2 - 2*k - 3. Let c be l(-2). Suppose 5*g + y = -y + c, -4*g - 5*y + 229 = 0. What is the tens digit of g?
5
Let d = 136 - -292. What is the units digit of d?
8
Let j = 3602 - 2303. What is the units digit of j?
9
Suppose -3*k - 361 + 1033 = 0. What is the units digit of k?
4
Let l(z) = 4*z + 5. Let n be l(3). Suppose 5*y + j = y + 5, 4*y - 3*j = n. Suppose 0 = y*q - 31 - 51. What is the units digit of q?
1
Suppose -5*k = -t - 115 + 22, k - 3*t = 27. What is the hundreds digit of (-4)/18 - (-4378)/k?
2
Let b(s) = 6*s**3 - 7*s**3 + 6 - 8*s - 10*s**2 + 0*s. Let n be b(-9). Let r(t) = -19*t + 7. What is the tens digit of r(n)?
6
Suppose -o - 4 + 52 = 0. Let m be (o/(-20))/(-4)*20. Suppose -20 = b + p - 80, -4*p = -m. What is the tens digit of b?
5
Suppose 7*t - 12691 = 4081. What is the units digit of t?
6
Let k be (-3 + (-20)/(-12))*-3. Suppose -5*j - d + 393 = 3*d, 0 = -k*d - 12. What is the tens digit of j?
8
Let g be 20/(-2)*7/(-14). Suppose 0*z + g*m - 7 = -z, -3 = -3*m. Suppose -z*n = 2*x - 90, 2*n - 234 = 5*x - 10*x. What is the tens digit of x?
4
Let v(o) = -o**2 - 6*o + 3. Suppose 8 = -5*t - 2, -n = -3*t. Let l be v(n). Suppose -u + 20 = l*d, -u - 4*d + 45 = 2*u. What is the units digit of u?
1
Suppose 0 = 5*f + 2*h - 213, -7*f + 220 = -2*f - 5*h. Let d = f + -26. What is the units digit of d?
7
Suppose 182*s - 40608 = 150*s. What is the hundreds digit of s?
2
Suppose h + 4 = 24. Let g = h + -15. Suppose 2*n = -4*c + 52, -g*n = -3*c + 49 - 192. What is the tens digit of n?
2
What is the tens digit of (-10)/1 + -16 + 102?
7
Suppose 10*u = -1195 - 375. Let c = u + 426. What is the tens digit of c?
6
Let z(b) = b**3 - 12*b**2 - 13*b + 4. Let h be z(13). Suppose -4*m = -3*t - 26, -3*m - h*t = -0*m - 7. Suppose 77 = m*s - 18. What is the tens digit of s?
1
Let c(r) = r**3 - 2*r + 1. Let i = -21 - -22. Let y be c(i). Let w = y - -56. What is the tens digit of w?
5
Let d = 3 + 29. Suppose -2*y - 4*g - 16 = 0, -y + 4*g - 5 = -21. What is the tens digit of 1 - y - d/(-2)?
1
Let x(a) = -a**2 - 13*a + 12. Let c = 28 - 37. Let b be x(c). Suppose 4*t - b = -2*g, -7*t + 3*t - 4 = 0. What is the units digit of g?
6
Suppose 12 = 3*d - d. Suppose -4*j - 110 = -d*j. What is the units digit of j?
5
Let r(i) = -i**2 - 3*i - 4*i**3 + 0*i**2 + 5*i**3. Let u be r(3). Let l = 6 + u. What is the units digit of l?
5
Suppose -4*w = -12, -3*t - 116 = -3*w + 193. Let b = t - -177. Suppose 0 = 2*x + 2*c - 12, -5*x - 23 = -3*c - b. What is the units digit of x?
9
Suppose -30 = 2*u + 66. Let v be 1/(-5) + u/(-15). Suppose -68 = -7*m + v*m. What is the units digit of m?
7
Let l be (-3)/(-3 - 0)*-144. Let m = l - -233. What is the units digit of m?
9
Let i be 2149/35 + (-6)/(-10). Let d be ((-40)/6 + -1)*-12. Let w = d - i. What is the tens digit of w?
3
Suppose 0 = -3*k + 1867 + 485. What is the units digit of k?
4
Let a(b) = -17*b - 2. Let o(x) = -x**3 - 6*x**2 - 7*x - 11. Let j(f) = -f**2 + 2*f + 10. Let s be j(5). Let m be o(s). What is the tens digit of a(m)?
1
Let f be 44 - ((-8)/(-12) + 3/9). Suppose -4*n - 339 - f = -3*v, -5*v + 660 = 5*n. What is the units digit of v?
0
Suppose -746*q + 755*q = 9108. What is the tens digit of q?
1
Suppose 0 = 3*q - 6*q + 2*u + 3917, 0 = -3*q - 4*u + 3947. What is the hundreds digit of q?
3
What is the hundreds digit of (-5035)/38*2/(-1)?
2
Let x be (159 - -1)*4/8. Suppose r + x = 4*w - 2*w, -3*r + 4*w - 250 = 0. What is the units digit of ((-2)/(-4))/((-5)/r)?
9
Let u(s) = -39*s + 501. What is the units digit of u(7)?
8
Let i(q) = -12*q**3 + 2*q**2 - 12. Let b be i(-3). Let h = b + -207. What is the tens digit of h?
2
Let f = -243 - -439. Suppose -5*n + 154 = -f. What is the tens digit of n?
7
Let j = -50 - -52. Suppose j*n = 52 + 22. What is the units digit of n?
7
Suppose -40 = -2*w + 4*l, 5*l - 1 = -w - 2. Suppose 4*p = 10 + w. Suppose -2*u + 22 = 2*z + p, -z + 3 = 2*u. What is the units digit of z?
3
Suppose 28*s = 6*s + 20306. What is the units digit of s?
3
Let o = 615 - -529. What is the thousands digit of o?
1
Suppose 6*a - w - 102 = 3*a, -5*a - 4*w + 170 = 0. Suppose -2*p - 36 = -2*q, a = -3*p - 5*q - 12. What is the tens digit of 10/(-6)*(8 + p)?
1
Let a = 2 + 1. Suppose -3 = a*m - 6. Suppose -2*o + 93 = -m. What is the units digit of o?
7
Suppose 12 = 7*u - 2. Suppose -6*g + u*g = -252. What is the units digit of g?
3
Suppose 4*u - 1032 = -0*u. Let b = u + -152. What is the units digit of b?
6
Let r be (4 + -14)/5 + 7. Suppose 5*a - 270 = 5*g, 306 = r*a - 0*g + 4*g. What is the tens digit of a?
5
Suppose 2*v = -5*o - 585 + 1812, -v + 616 = 2*o. Suppose 7*y + 3*m - v = 3*y, -4*y + 4*m + 612 = 0. What is the units digit of y?
5
Let k = 250 - -188. What is the units digit of k?
8
Let u(d) be the second derivative of d**4/12 - d**3/6 - 17*d**2/2 + 9*d. What is the units digit of u(7)?
5
Suppose -4*n - 334 = -330. Let k(v) = 168*v**2 - 1. What is the units digit of k(n)?
7
Suppose -2*l + 3*l - 40 = -3*d, -52 = -4*d - 2*l. Let n = d - -52. What is the units digit of n?
6
Let c be 1 + 3 + 1 - 3. Suppose a = 0, -c*l + 4*l = -2*a + 4. Suppose -3*y = l*y + 3*n - 9, y = 4*n + 11. What is the units digit of y?
3
Let w be (-1*3)/((-30)/23720). What is the tens digit of w/18 - 16/(-72)?
3
Let y(p) = -p**2 - p + 1. Let v(f) = -8*f**2 - 4*f + 13. Let b(m) = -2*v(m) + 14*y(m). Suppose -5*o + 36 = o. What is the units digit of b(o)?
4
Suppose 0 = -4*o - n + 1710, -5*n - 2144 =